*s = 3*s - 62. Suppose 0 = -2*m + 168 + s. What is the tens digit of m?
1
Suppose -26*y - 13*y + 538200 = -15*y. What is the ten thousands digit of y?
2
Let j = -1422 - -646. Let n = -315 - j. What is the units digit of n?
1
Let j = -7363 - -11505. What is the thousands digit of j?
4
Let u(j) = 10*j**2 - 126*j + 5162. What is the units digit of u(91)?
6
Let g = 144 - 78. What is the hundreds digit of g/(-12)*1*-142?
7
Let y = 566 - 544. What is the units digit of 42/(-399) + y/(-76)*-4018?
3
Let y(u) = 232*u**2 - 37*u - 184. What is the tens digit of y(-5)?
0
Suppose 0 = 4*q - 16, -4*b - 4*q = -2*q - 168. Let z = b + -41. What is the units digit of (0/z + -2)*(-407)/22?
7
Suppose 4*d = 98 - 14. Suppose -d = -3*r - 12. What is the units digit of r?
3
Let l be (-902)/22*(-1 - 1*-6). Let s be (-19)/38*(l + -1). Suppose -y = -s + 35. What is the units digit of y?
8
Suppose -z = 5*t - 78, 2*z = -t + 4*z + 9. Let a = t + 590. What is the hundreds digit of a?
6
Suppose 5*u - 2090 = -b, 2*b + 1525 = 5*u + 5765. What is the thousands digit of b?
2
Let s = -23256 + 39270. What is the ten thousands digit of s?
1
Suppose s - 92 = -78. Suppose 6*b + 3592 = s*b. What is the tens digit of b?
4
Let s = 22 - 14. Suppose s*o + 3*o = 77. Suppose 488 = o*d - 3*d. What is the tens digit of d?
2
Let k be -15*(4 - (-55)/(-15)). Let x = k - -21. Let m = x + 18. What is the tens digit of m?
3
Let r(u) = u**2 - 7*u + 6. Let l be r(6). Let z be 2 - l/(2 + 3 + -3). Suppose 235 = 2*v + j, z*v = -0*v + j + 233. What is the tens digit of v?
1
Let f = -62 + 71. Let v be f/1*8/(-12). Let h = 53 + v. What is the tens digit of h?
4
Let c be (-6)/(-9)*-3 + 50 + 0. Suppose -c = -7*t + 1. Suppose 6*z + 108 = t*z. What is the hundreds digit of z?
1
Let s(j) = 120*j + 4. Let f(y) = -359*y - 12. Let c(t) = 2*f(t) + 7*s(t). Let r be c(1). Let z = r - 25. What is the units digit of z?
1
Suppose 73*q - 901054 = -25346. What is the tens digit of q?
9
Suppose 9*q - 2*n - 122498 = 6*q, 4*q - 5*n = 163312. What is the ten thousands digit of q?
4
What is the tens digit of 32/(-16) + (-2 - -11004) - 8?
9
Suppose -4*a + 40 = -2*a. Let d = -10952 + 10948. What is the units digit of d/10 + 3068/a + -3?
0
Suppose 0 = 9*f + 2197 + 683. Let r = 1558 + -1002. Let j = f + r. What is the hundreds digit of j?
2
Suppose 0 = 4*k + 3*g - 172, k + 5*g + 250 = 6*k. Suppose w - k + 15 = 3*v, 0 = -5*w - 3*v + 65. What is the units digit of w?
6
Let r = 504 - -56. Let d = 1574 - r. What is the thousands digit of d?
1
Let r = 106311 + -74254. What is the units digit of r?
7
Suppose -q + 10 = f, 2*f + 2*q + 2*q - 28 = 0. Suppose f*g = -7*g + 52. What is the tens digit of 22 + g + -5 + -3?
1
What is the tens digit of (-2 + 255312/252)*(41 - -1)?
6
Suppose 0 = 26*q - 29*q + 3*t + 27, 4*q - 36 = t. Suppose -2*y + 95 = 29. Let s = y - q. What is the units digit of s?
4
Let i(x) = 541*x - 2108. What is the ten thousands digit of i(49)?
2
Suppose 4 = 9*p - 11*p - 4*q, -5*p + 2*q = -50. Suppose h - p = 3*h, 3*f - 624 = -3*h. Let k = -110 + f. What is the hundreds digit of k?
1
Suppose 110363 = 10*j - 8064 + 10537. What is the ten thousands digit of j?
1
Let w(g) = -194*g**3 + 2*g**2 - 28*g - 63. What is the ten thousands digit of w(-7)?
6
Suppose -5*s + d = -6 + 5, 4*s = -d + 8. Let l be -1 - (-17 - (s + -4)). Let k = l - -42. What is the tens digit of k?
5
Let l(s) = 6*s + 32. Let m = -51 + 41. Let c be l(m). Let p = c - -70. What is the units digit of p?
2
Let k = -49569 - -69766. What is the hundreds digit of k?
1
Suppose 494*v = 481*v + 23959. What is the thousands digit of v?
1
Let s(m) be the second derivative of 3*m**5/10 + m**4/8 + m**3/6 - 11*m**2/2 - 24*m. Let f(n) be the first derivative of s(n). What is the units digit of f(-3)?
4
What is the thousands digit of 2/(-4)*5167*(248 + -258)?
5
Suppose -2*o + 2141 = -3991. Suppose 0 = 188*i - 181*i - o. What is the units digit of i?
8
Suppose 2*p = 11 - 5, -w - 2*p = -33. Suppose 11*b = w*b - 15904. What is the units digit of b?
4
Suppose -4*l + 139540 = 42*u - 38*u, 5*u = -4*l + 174418. What is the units digit of u?
8
Let k = 32260 - 18402. What is the units digit of k?
8
Let w(o) = -2*o**3 - 3*o**2 - 2*o - 4. Let s be w(-2). Suppose -2*z = -s, -91 = 3*u + 2*z - 284. What is the units digit of u?
3
Let j(v) be the first derivative of -3*v**2 - 50*v - 50. Let n be j(-6). What is the units digit of n*(-1 + 3 - 9)?
8
Let h be (-2)/(-8) + (-3)/(-4). Let r be ((-2)/(-3)*3)/((-5)/30). Let a = h - r. What is the tens digit of a?
1
Let c be 3 + 28/21 + 7/(-3). Suppose 0 = -c*d + 4*n + 234, -3*n = -3*d - 7*n + 401. What is the tens digit of d?
2
What is the thousands digit of 7862*-5*6/(-60)?
3
What is the units digit of 24113 - 21/((-483)/598)?
9
Let p(n) = -n. Let i(b) = -4*b + 12. Let o(z) = -i(z) + 5*p(z). Suppose -41*u = -23 + 802. What is the units digit of o(u)?
7
Let n(w) = -w**3 - w**2 + 2*w - 5. Let m be n(-3). Suppose -m*j + 15 = -2*j. What is the hundreds digit of (2 - 281/(-3))*j?
2
Let x(w) = w**3 + 9*w**2 + 10*w + 8. Let n be x(-8). Let h be (n - -7)*(-50 - 2). Suppose -f + h = -0*f - 2*i, -2*f - i = -79. What is the tens digit of f?
4
Let m(r) = 115*r**3 - 4*r**2 + 3*r - 1. What is the hundreds digit of m(1)?
1
Let q(i) = -1299*i + 1728. What is the tens digit of q(-11)?
1
Suppose -g - g = -5*u + 40, -22 = -2*u + 2*g. Let o(f) = f**3 + 6*f**2 - 3*f - 6. What is the hundreds digit of o(u)?
4
Suppose 2*i - 18 = -0*r - 2*r, 2*i - 2*r = 6. Let x be 1 + (-7 - -4) + i. Suppose 2*g = 3*a + 89, 2*g + 2*a - 94 = x*a. What is the tens digit of g?
5
Suppose 3*h + 9 + 18 = -2*w, 3*h = -3*w - 36. What is the tens digit of 2 + w/((-9)/530)?
3
Let v be (-1 - (-6)/14)*(-147)/42. Suppose -5*k = -v*d + 1850, 3*d + 5*k = 8*k + 2793. What is the hundreds digit of d?
9
Suppose 4*c - i = 43982, -342 = -c - 3*i + 10673. What is the thousands digit of c?
0
Let g be (2 - -8)/(-10) - (1 - 4). Suppose u - 2*u + 3*h + 463 = 0, 0 = -g*u + 3*h + 923. What is the tens digit of u?
6
Let o be 6/(-57) + 291/57. Suppose -o*k - 1136 = -4*h - 5542, 3*k - 4*h = 2642. What is the tens digit of k?
8
Suppose 71392 = 28*i - 27*i - 4*u, -3*u = -9. What is the ten thousands digit of i?
7
Suppose 0 = -22*v + 26*v - 2*d - 177438, 5*v = -4*d + 221739. What is the tens digit of v?
5
Let i(h) = -16*h - 72. Let z be i(-5). What is the tens digit of (7784/z - 5) + 4?
7
Let o(v) = 3*v**2 + 103*v - 116*v + 76 - 85*v. What is the hundreds digit of o(34)?
2
Let a = -9274 - -22414. What is the ten thousands digit of a?
1
Let n = 108 - 106. Suppose n*d - 3722 = 822. Suppose -22*r = -14*r - d. What is the tens digit of r?
8
Suppose 6*d - 3219 - 723 = 0. Let b = d - 414. Suppose 0 = -4*a + 4*n + 280, 5*a - b - 105 = 3*n. What is the units digit of a?
9
Let i(h) = 3*h**2 - 18*h - 25. Let d be i(10). Suppose 0 = 5*j + 6*v - 3*v - 454, -j = 2*v - d. What is the tens digit of j?
8
Let u(k) = -k - 4. Let m be u(-7). Let j be m + (-7 - -4) + 67. Suppose -j = -2*r + 177. What is the tens digit of r?
2
Suppose -31*u + 26*u + 79760 = 0. What is the thousands digit of u?
5
Suppose -8*q + 154537 - 9721 = 0. Suppose f + q = 22*f. What is the units digit of f?
2
Suppose 21*o + 211998 - 598251 = 0. What is the thousands digit of o?
8
Let w(v) = -3*v**2 + v + 1. Suppose -4*k + 11 = -3*d, 3 = 4*k - 2*d - 3. Let n be w(k). What is the hundreds digit of n/(-6)*1*208?
1
Suppose 2*y + 26 = -4*b - 26, -4*b - 76 = -4*y. Let g(d) = 2*d**2 + 4*d + 58. What is the hundreds digit of g(b)?
4
Let l(p) = 1358*p - 36. Let s(j) = -j + 2. Let f(y) = -l(y) - 10*s(y). What is the tens digit of f(-1)?
6
Suppose -3*n + 1173 = -2*w, 5*w + 3033 - 135 = -4*n. Let i = w - -1101. What is the hundreds digit of i?
5
Let a(y) = 5*y**3 - 3*y**2 + 8*y - 14. Let z be a(2). Suppose 0 = -z*u + 34*u - 4316. What is the units digit of u?
9
Let a(v) = v**3 + 4*v**2 - 4*v - 1. Suppose 0 = -5*r + 4 - 29. Let j be a(r). What is the hundreds digit of 3 - 904/(-6) - (-4)/j?
1
Suppose 5*t = c - 0*t - 1003, -15 = 5*t. Suppose -3*g = -a - 1720 - c, -g + 916 = -3*a. What is the units digit of g?
1
Suppose 11*r - 218717 = -74584 + 180774. What is the ten thousands digit of r?
2
Suppose 6 = 5*o - 4*k, -k + 8 = 5*o - 3*k. What is the units digit of (-5 - -3) + 182 + o?
2